s.
2
Let v(z) = -2*z - 2 + 0*z - z. Suppose -6 = 2*s + c + 2, 4*s - 3*c + 16 = 0. List the prime factors of v(s).
2, 5
What are the prime factors of 12/8*(0 - (-60)/9)?
2, 5
Let o be (7 + -5 + 3)*4. Suppose 2*z - o = -2. List the prime factors of z.
3
Let v be 2/8 - 35/(-20). Suppose v*s - 81 = -s. List the prime factors of s.
3
Let v = -3 - -9. Let a = 4 - v. List the prime factors of (0 + a)*(2 + -4).
2
Let z = -42 - -78. What are the prime factors of z?
2, 3
Let k = 6 + -6. Suppose k = 4*g + 2*q - 24, -3*q + 14 = 4*g - 8. What are the prime factors of g?
7
Suppose 14*q - 2082 = 8*q. What are the prime factors of q?
347
Let l(b) = b**3 - 2*b + 1. Let w be l(-3). List the prime factors of 10/w + (-14)/(-4).
3
Let x = 11 - 8. Suppose -a = 4*m - 21, 0 = -0*m - 3*m - x*a + 18. Suppose p - 57 = -3*q, m*q = -3*p + 88 + 11. List the prime factors of q.
2, 3
Let g(d) = 44*d**2 - d + 1. Suppose 0 = -5*y - 0*y - 20, 2*y = 3*z - 11. List the prime factors of g(z).
2, 11
Suppose p - 2 + 9 = 2*f, p + f - 8 = 0. Let i(a) = -a**2 - 3*a + 2. Let d be i(-2). Let o = p + d. What are the prime factors of o?
7
Let r(b) = b**3 - 5*b**2 - 7*b + 9. Let o be r(6). Suppose 0 = 5*d - 2*j + 84, 2*j = o*d - 8 + 56. What are the prime factors of (0 + -3)/(d/60)?
2, 5
Let y(g) = -3*g**2 + 5*g + 1. Let f(j) = -4*j**2 + 4*j + 2. Let c(x) = 2*f(x) - 3*y(x). Let a be c(6). Let i = -1 - a. List the prime factors of i.
2
Suppose 3*h - 4*h = 9. Let u(j) = j**2 + 7*j - 9. What are the prime factors of u(h)?
3
Let k = 19 - 9. Let n(t) = t**2 - 10*t + 14. List the prime factors of n(k).
2, 7
Let g be (-4)/6 - 104/(-3). Suppose -4*i - 52 = 36. Let b = g + i. What are the prime factors of b?
2, 3
Suppose -7*t + 3*t + 62 = 3*j, -2*t + 20 = j. List the prime factors of j.
2, 11
Let p be 12/(-9)*6/4. Let x be p/(-3*(-2)/12). List the prime factors of 6/4*(-24)/x.
3
Suppose 5*n - 5*j - 1145 = 0, 1145 = 5*n + 8*j - 7*j. What are the prime factors of n?
229
Let o(t) = 3*t**2 + 9*t - 31. List the prime factors of o(9).
293
Let r = -24 + 24. Suppose 0 = -5*m - 2*v - r*v + 157, -v = 3*m - 94. What are the prime factors of m?
31
Let o = 8 + -4. Let p(f) be the second derivative of f**3/2 - 2*f**2 + 5*f. What are the prime factors of p(o)?
2
Let q = -10 + 2. What are the prime factors of 90/2*q/(-20)?
2, 3
Let k(w) = -2*w**3 - w**2. Let d be k(-1). Suppose -d = 4*c - 9. What are the prime factors of (-2)/(c/(-16)*2)?
2
Suppose h - 4 = -h. Let u(n) = 2*n**2 - 2. Let l be u(-4). Suppose h*d - l = -0*d. What are the prime factors of d?
3, 5
Let n(y) = 3*y**3 - 6*y**3 + 3 - y - y**2 + 2*y**3. What are the prime factors of n(-3)?
2, 3
Suppose 3*u = 5*h - 2237, 2*h + u = 597 + 289. List the prime factors of h.
5, 89
Suppose 0 = 5*b - 5*h - 145, -5*b + 73 = 2*h - 79. What are the prime factors of b?
2, 3, 5
Suppose 3*c - 8*c = -80. What are the prime factors of c?
2
Let b(c) = -12*c - 25. List the prime factors of b(-16).
167
Let a be ((-100)/(-8))/((-2)/4). What are the prime factors of 10/a + 204/10?
2, 5
Suppose 4*n - 11*n = -203. List the prime factors of n.
29
Let p be (132/(-9))/(6/(-18)). Suppose 3*b - 19 = p. List the prime factors of b.
3, 7
Suppose -5*s + 0*s = 0. Suppose q - 3*q + 50 = s. List the prime factors of q.
5
Let o(v) = -3*v. Let g be (-1)/((15/(-12))/5). Suppose g*x + 29 = -h, -47 = 5*x + h - 12. What are the prime factors of o(x)?
2, 3
Suppose c = -c + 12. Let q be (-1)/(-2)*-2 - c. Let l(g) = -g**2 - 9*g - 6. What are the prime factors of l(q)?
2
Let b = 0 + 0. Suppose -l + 0 - 1 = b. What are the prime factors of (4/(-3) + l)*-3?
7
Let s(w) = w**3 - 3*w**2 - 4*w + 3. Let t be s(4). Suppose -27 = t*h - 4*h. List the prime factors of h.
3
Suppose 2*j + 56 = 5*g, -2*g - 2*j = -3*g + 8. Let k = g - 9. What are the prime factors of k?
3
Let w = -4 + 0. List the prime factors of w/(-10) + 1038/30.
5, 7
Let u = 13 + -10. What are the prime factors of (-9)/(-6)*2 + u?
2, 3
Let r(m) = 2*m**3 - 12*m**2 - 17*m - 17. What are the prime factors of r(8)?
103
Let k = 26 - 11. What are the prime factors of (-3)/(-15) + 507/k?
2, 17
Suppose -3 = 3*a - 3*s, a + 27 = 4*a + 3*s. Let l be (-3)/(-1) + (7 - 4). Let o = a + l. What are the prime factors of o?
2, 5
What are the prime factors of (13/(-39))/((-1)/3) + 39?
2, 5
Let q = 5 - 0. Let h(y) = -4*y + y**2 + 1 - 2 - 1. List the prime factors of h(q).
3
Suppose -q - 4 = -2*q. Suppose 0 = 4*p + 2*n, 0*n + n = -q. Suppose -2*z - 92 = -5*f, p*z = 2*f - 9 - 29. What are the prime factors of f?
2, 3
Let r = -2 - -3. Let v(i) = i - r + 1. List the prime factors of v(4).
2
Let t(u) = -21*u - 5. Let y(f) = 7*f + 2. Let n(z) = -6*t(z) - 17*y(z). What are the prime factors of n(3)?
17
Let d = 4 - -42. What are the prime factors of d?
2, 23
Let k = -73 + 100. List the prime factors of k.
3
Suppose 2*t - 68 = -8. Suppose 0*i = 3*i + r - 53, -2*r + t = 2*i. List the prime factors of i.
19
Suppose -5*u - 300 = 160. What are the prime factors of u/10*(-5)/2?
23
Let d(q) = 2 - 4*q**3 + 3 + 6*q**2 + 5*q**3. List the prime factors of d(-6).
5
Suppose 0 = -2*x - 0*x - 2*m + 46, -5*x = -m - 145. Suppose -10 = -2*w + x. What are the prime factors of w?
19
What are the prime factors of -13 + 43 + (-2 - -1)?
29
Let a(f) = 22 + f**2 + 7*f - 9 + f. What are the prime factors of a(-11)?
2, 23
Let u = 218 + -150. What are the prime factors of u?
2, 17
Let j(f) = f**3 + f**2 - 4*f - 3. What are the prime factors of j(5)?
127
What are the prime factors of (-7 + 41)/((-2)/(-3))?
3, 17
Let j be (8/20)/((-1)/(-5)). Let k = j + 0. Suppose -k*z - 115 = -5*l, 0*l - l = 5*z + 4. List the prime factors of l.
3, 7
Suppose 0 = -5*o - 5*v + 30, -o + 2*v = o. Suppose 4*n - 12 = a + 7, -o*a = n - 8. Suppose -6 = -n*g + 2*g. What are the prime factors of g?
2
Let m = 10 - 7. Suppose -2*k - k = -m. Let l = k - -7. List the prime factors of l.
2
Let c = 5 + 5. Let r = c + -5. List the prime factors of r.
5
Suppose 3*h = 217 - 46. What are the prime factors of h?
3, 19
Let x be 6 + 32 - (-4)/(-2). Suppose 0 = -6*h + 2*h + x. List the prime factors of h.
3
Suppose 3*a + 2*a + 25 = 0, 2*j - 9 = -a. Suppose 3*g - j - 50 = 0. Let s = g - 12. What are the prime factors of s?
7
Suppose -2*f = -0*f - 5*z + 19, -4*z + 11 = -3*f. Suppose f*d + 0*d = 0. Suppose -2*u + 10 + 0 = d. What are the prime factors of u?
5
Let u(b) = 14*b - 3. Let d(x) = x**3 + 7*x**2 + 4. Let r be d(-7). Let t(v) = -5*v + 1. Let w(n) = r*u(n) + 11*t(n). What are the prime factors of w(4)?
3
List the prime factors of 5/((-100)/8) + (-644)/(-10).
2
Let c be (-156)/(-10) + (-6)/(-15). Let f = c + 9. Let s = -15 + f. What are the prime factors of s?
2, 5
Suppose 3*x + 4 = 1. Let w = 4 - x. Suppose w*v = 12 + 18. List the prime factors of v.
2, 3
List the prime factors of ((-46)/6)/((-24)/(-18))*-4.
23
Let n = 96 + -66. Let t = 11 - -9. Suppose -t - n = -5*o. What are the prime factors of o?
2, 5
Let g = -11 - -33. What are the prime factors of g?
2, 11
Suppose 4*s - 39 = s. What are the prime factors of s?
13
Let b(m) = -5*m + 1 + 0 + 0. Let o be -1*1*(-2 - -4). List the prime factors of b(o).
11
Suppose n = -2*n + 111. What are the prime factors of n?
37
Let u(s) = s**3 - 8*s**2 + 9*s + 17. List the prime factors of u(8).
89
Suppose 3*u - 91 = -2*r, -r = -7*u + 2*u + 169. What are the prime factors of u?
3, 11
What are the prime factors of 58/10*(3 + (0 - -2))?
29
What are the prime factors of (5/4)/(3/156)?
5, 13
Let b(r) = r**3 - 2*r - 2. Let h be b(0). What are the prime factors of -1*(-2 + h) + 34?
2, 19
Let y(g) = -2*g**2 - 21*g - 6. List the prime factors of y(-6).
2, 3
Suppose 0 = 5*z - 71 - 29. List the prime factors of z.
2, 5
Let y(t) = -t**3 - 11*t**2 + 11*t - 13. List the prime factors of y(-13).
2, 7, 13
Let d be (10/(-6))/((-3)/9). Let n(g) be the third derivative of g**4/6 - 5*g**3/6 - g**2. What are the prime factors of n(d)?
3, 5
Let f be 8/(4/(-2))*-2. Let x be f*(-2)/(-20)*30. Suppose -3*m + x = m. What are the prime factors of m?
2, 3
Suppose 0 = 3*g + 1 - 4. Let f(i) = 4 + 6*i + 2 - 7 - i. What are the prime factors of f(g)?
2
Suppose 105 = 3*d - 15. Let c = d + -26. What are the prime factors of c?
2, 7
Let i(z) = -z**3 - 9*z**2 - 2*z - 8. Let f be i(-7). Let x = -45 - f. List the prime factors of x.
